{"id":20571,"date":"2025-10-30T16:12:12","date_gmt":"2025-10-30T16:12:12","guid":{"rendered":"https:\/\/blog25.ipc-computer.de\/?page_id=20571"},"modified":"2025-10-31T06:48:21","modified_gmt":"2025-10-31T06:48:21","slug":"impressum","status":"publish","type":"page","link":"https:\/\/www.ipc-computer.de\/blog\/impressum\/","title":{"rendered":"Impressum"},"content":{"rendered":"\t\t<div data-elementor-type=\"wp-page\" data-elementor-id=\"20571\" class=\"elementor elementor-20571\" data-elementor-post-type=\"page\">\n\t\t\t\t<div class=\"elementor-element elementor-element-61fd2b9 e-flex e-con-boxed e-con e-parent\" data-id=\"61fd2b9\" data-element_type=\"container\">\n\t\t\t\t\t<div class=\"e-con-inner\">\n\t\t\t\t<div class=\"elementor-element elementor-element-1acec4f elementor-widget elementor-widget-text-editor\" data-id=\"1acec4f\" data-element_type=\"widget\" data-widget_type=\"text-editor.default\">\n\t\t\t\t\t\t\t\t\t<header><h1 class=\"title\">Impressum<\/h1><\/header><div class=\"post-content box mark-links\"><p>IPC-Computer Deutschland GmbH<br \/>Hauptstr. 37<br \/>D-77960 Seelbach \/ Germany<\/p><p><a href=\"https:\/\/www.google.com\/maps\/place\/IPC-Computer+Deutschland+GmbH\/data=!4m2!3m1!1s0x479128cdc66e2bc5:0xcd0127baacd296c7?gl=DE&amp;hl=de\" target=\"_blank\" rel=\"noopener noreferrer\">Anfahrt<\/a><\/p><h2 id=\"h-vertreten-durch\" class=\"wp-block-heading\">Vertreten durch:<\/h2><p>Markus Himmelsbach (Gesch\u00e4ftsf\u00fchrer)<\/p><h2 id=\"h-kontakt\" class=\"wp-block-heading\">Kontakt:<\/h2><div class=\"wp-block-columns is-layout-flex wp-container-core-columns-is-layout-9d6595d7 wp-block-columns-is-layout-flex\"><div class=\"wp-block-column is-layout-flow wp-block-column-is-layout-flow\"><p><strong>Telefon:\u00a0<\/strong><a class=\"noHighlight\" href=\"tel:+497823961230\">+49 (0) 7823 96 123 \u2013 0<\/a><br \/><br \/><strong>Telefax:<\/strong>\u00a0+49 (0) 7823 96 123 \u2013 21<\/p><p><strong>E-Mail:<\/strong>\u00a0<a href=\"mailto:info@ipc-computer.de\">info@ipc-computer.de<\/a><\/p><p><strong>Kontakt<\/strong>:\u00a0<a href=\"https:\/\/www.ipc-computer.de\/contact.php\">zum Kontaktformular<\/a><\/p><\/div><\/div><h2 id=\"h-registereintrag\" class=\"wp-block-heading\">Registereintrag:<\/h2><p>Eintragung im Handelsregister.<br \/>Registergericht: Amtsgericht Freiburg i. Br.<br \/>Registernummer: 705595<\/p><h2 id=\"h-umsatzsteuer-id\" class=\"wp-block-heading\">Umsatzsteuer-ID:<\/h2><p>Umsatzsteuer-Identifikationsnummer gem\u00e4\u00df \u00a727a Umsatzsteuergesetz:<br \/>DE272399781<\/p><h2 id=\"h-registrierungsnummer-der-ear\" class=\"wp-block-heading\">Registrierungsnummer der EAR<\/h2><p>WWEEE-Reg.-Nr. DE 92873960<\/p><h2 id=\"h-online-streitbeilegungs-plattform\" class=\"wp-block-heading\">Online-Streitbeilegungs-Plattform:<\/h2><p>Link zur Online-Streitbeilegungs-Plattform der EU: http:\/\/ec.europa.eu\/consumers\/odr\/<\/p><p>Wir sind bereit, an einem au\u00dfergerichtlichen Schlichtungsverfahren vor einer Verbraucherschlichtungsstelle teilzunehmen.<br \/>Zust\u00e4ndig ist die Allgemeine Verbraucherschlichtungsstelle (ab dem 01.01.2020: die Universalschlichtungsstelle) des Zentrums f\u00fcr Schlichtung e.V., Stra\u00dfburger Stra\u00dfe 8, 77694 Kehl am Rhein, www.verbraucher-schlichter.de.<\/p><h2 id=\"h-bankverbindung\" class=\"wp-block-heading\">Bankverbindung<\/h2><p>Zahlungsempf\u00e4nger: IPC-Computer Deutschland GmbH<br \/>Kreditinstitut: Postbank Stuttgart<br \/>IBAN: DE48 6001 0070 0020 6657 06<br \/>BIC: PBNKDXXX<\/p><p>Bitte geben Sie als Verwendungszweck Ihren\u00a0<strong>Namen<\/strong>\u00a0und Ihre\u00a0<strong>Bestellnummer<\/strong>\u00a0an. Die Bestellnummer erhalten Sie mit der Best\u00e4tigungs-E-Mail.<\/p><h2 id=\"h-verantwortlich-fur-den-inhalt-nach-55-abs-2-rstv\" class=\"wp-block-heading\">Verantwortlich f\u00fcr den Inhalt nach \u00a7 55 Abs. 2 RStV:<\/h2><p>Markus Himmelsbach<br \/>Hauptstr. 37<br \/>77960 Seelbach<\/p><h2 id=\"h-haftungsausschluss-disclaimer\" class=\"wp-block-heading\">Haftungsausschluss (Disclaimer)<\/h2><p>Trotz sorgf\u00e4ltiger inhaltlicher Kontrolle \u00fcbernehmen wir keine Haftung f\u00fcr die Inhalte externer Links. F\u00fcr den Inhalt der verlinkten Seiten sind ausschlie\u00dflich deren Betreiber verantwortlich.<\/p><\/div>\t\t\t\t\t\t\t\t<\/div>\n\t\t\t\t\t<\/div>\n\t\t\t\t<\/div>\n\t\t\t\t<\/div>\n\t\t","protected":false},"excerpt":{"rendered":"<p>Impressum IPC-Computer Deutschland GmbHHauptstr. 37D-77960 Seelbach \/ Germany Anfahrt Vertreten durch: Markus Himmelsbach (Gesch\u00e4ftsf\u00fchrer) Kontakt: Telefon:\u00a0+49 (0) 7823 96 123 \u2013 0 Telefax:\u00a0+49 (0) 7823 96 123 \u2013 21 E-Mail:\u00a0info@ipc-computer.de Kontakt:\u00a0zum Kontaktformular Registereintrag: Eintragung im Handelsregister.Registergericht: Amtsgericht Freiburg i. Br.Registernummer: 705595 Umsatzsteuer-ID: Umsatzsteuer-Identifikationsnummer gem\u00e4\u00df \u00a727a Umsatzsteuergesetz:DE272399781 Registrierungsnummer der EAR WWEEE-Reg.-Nr. DE 92873960 Online-Streitbeilegungs-Plattform: Link zur [&hellip;]<\/p>\n","protected":false},"author":2,"featured_media":0,"parent":0,"menu_order":0,"comment_status":"closed","ping_status":"closed","template":"","meta":{"footnotes":""},"class_list":["post-20571","page","type-page","status-publish","hentry"],"_links":{"self":[{"href":"https:\/\/www.ipc-computer.de\/blog\/wp-json\/wp\/v2\/pages\/20571","targetHints":{"allow":["GET"]}}],"collection":[{"href":"https:\/\/www.ipc-computer.de\/blog\/wp-json\/wp\/v2\/pages"}],"about":[{"href":"https:\/\/www.ipc-computer.de\/blog\/wp-json\/wp\/v2\/types\/page"}],"author":[{"embeddable":true,"href":"https:\/\/www.ipc-computer.de\/blog\/wp-json\/wp\/v2\/users\/2"}],"replies":[{"embeddable":true,"href":"https:\/\/www.ipc-computer.de\/blog\/wp-json\/wp\/v2\/comments?post=20571"}],"version-history":[{"count":7,"href":"https:\/\/www.ipc-computer.de\/blog\/wp-json\/wp\/v2\/pages\/20571\/revisions"}],"predecessor-version":[{"id":20590,"href":"https:\/\/www.ipc-computer.de\/blog\/wp-json\/wp\/v2\/pages\/20571\/revisions\/20590"}],"wp:attachment":[{"href":"https:\/\/www.ipc-computer.de\/blog\/wp-json\/wp\/v2\/media?parent=20571"}],"curies":[{"name":"wp","href":"https:\/\/api.w.org\/{rel}","templated":true}]}}